 53.
42
What is the remainder when 1615 is divided by 34?
17
What is the remainder when 622 is divided by 39?
37
Calculate the remainder when 93 is divided by 24.
21
Calculate the remainder when 1773 is divided by 1766.
7
What is the remainder when 165 is divided by 52?
9
What is the remainder when 313 is divided by 107?
99
What is the remainder when 861 is divided by 9?
6
What is the remainder when 511 is divided by 212?
87
What is the remainder when 637 is divided by 71?
69
Calculate the remainder when 46 is divided by 13.
7
What is the remainder when 6685 is divided by 11?
8
What is the remainder when 3122 is divided by 184?
178
Calculate the remainder when 1027 is divided by 57.
1
Calculate the remainder when 85 is divided by 6.
1
Calculate the remainder when 20 is divided by 13.
7
What is the remainder when 211 is divided by 31?
25
What is the remainder when 246 is divided by 62?
60
Calculate the remainder when 205 is divided by 66.
7
What is the remainder when 1286 is divided by 426?
8
What is the remainder when 636 is divided by 91?
90
What is the remainder when 3610 is divided by 21?
19
What is the remainder when 1015 is divided by 1013?
2
What is the remainder when 2512 is divided by 192?
16
Calculate the remainder when 423 is divided by 53.
52
What is the remainder when 171 is divided by 35?
31
What is the remainder when 422 is divided by 41?
12
What is the remainder when 635 is divided by 53?
52
Calculate the remainder when 2414 is divided by 23.
22
What is the remainder when 32 is divided by 5?
2
What is the remainder when 321 is divided by 65?
61
What is the remainder when 988 is divided by 21?
1
What is the remainder when 2591 is divided by 838?
77
Calculate the remainder when 1371 is divided by 680.
11
What is the remainder when 1739 is divided by 15?
14
What is the remainder when 2299 is divided by 115?
114
What is the remainder when 136 is divided by 69?
67
Calculate the remainder when 298 is divided by 100.
98
What is the remainder when 306 is divided by 11?
9
Calculate the remainder when 710 is divided by 36.
26
Calculate the remainder when 619 is divided by 69.
67
Calculate the remainder when 1152 is divided by 55.
52
What is the remainder when 277 is divided by 142?
135
Calculate the remainder when 145 is divided by 34.
9
What is the remainder when 299 is divided by 8?
3
Calculate the remainder when 795 is divided by 11.
3
Calculate the remainder when 178 is divided by 14.
10
Calculate the remainder when 3232 is divided by 42.
40
What is the remainder when 33 is divided by 3?
0
What is the remainder when 8216 is divided by 76?
8
Calculate the remainder when 201 is divided by 7.
5
What is the remainder when 140 is divided by 64?
12
What is the remainder when 26 is divided by 14?
12
What is the remainder when 49 is divided by 46?
3
Calculate the remainder when 371 is divided by 129.
113
What is the remainder when 1161 is divided by 1159?
2
What is the remainder when 182 is divided by 13?
0
What is the remainder when 3195 is divided by 1593?
9
What is the remainder when 331 is divided by 254?
77
Calculate the remainder when 313 is divided by 7.
5
What is the remainder when 531 is divided by 18?
9
Calculate the remainder when 33 is divided by 9.
6
Calculate the remainder when 1766 is divided by 1761.
5
What is the remainder when 269 is divided by 16?
13
What is the remainder when 324 is divided by 83?
75
Calculate the remainder when 106 is divided by 22.
18
What is the remainder when 117 is divided by 41?
35
Calculate the remainder when 464 is divided by 286.
178
Calculate the remainder when 2184 is divided by 95.
94
What is the remainder when 448 is divided by 130?
58
What is the remainder when 69 is divided by 28?
13
Calculate the remainder when 180 is divided by 144.
36
What is the remainder when 940 is divided by 282?
94
What is the remainder when 104 is divided by 89?
15
Calculate the remainder when 340 is divided by 85.
0
What is the remainder when 2853 is divided by 119?
116
What is the remainder when 629 is divided by 6?
5
What is the remainder when 81 is divided by 42?
39
Calculate the remainder when 3770 is divided by 62.
50
Calculate the remainder when 994 is divided by 21.
7
Calculate the remainder when 14 is divided by 4.
2
What is the remainder when 906 is divided by 10?
6
Calculate the remainder when 1202 is divided by 39.
32
What is the remainder when 652 is divided by 137?
104
What is the remainder when 26758 is divided by 24?
22
What is the remainder when 676 is divided by 68?
64
What is the remainder when 146 is divided by 19?
13
Calculate the remainder when 4873 is divided by 5.
3
What is the remainder when 4208 is divided by 12?
8
What is the remainder when 110 is divided by 75?
35
What is the remainder when 1117 is divided by 369?
10
Calculate the remainder when 241 is divided by 230.
11
What is the remainder when 2980 is divided by 14?
12
Calculate the remainder when 236 is divided by 40.
36
What is the remainder when 193 is divided by 22?
17
Calculate the remainder when 67 is divided by 56.
11
What is the remainder when 111 is divided by 34?
9
Calculate the remainder when 1094 is divided by 28.
2
Calculate the remainder when 1591 is divided by 10.
1
Calculate the remainder when 37 is divided by 2.
1
Calculate the remainder when 1679 is divided by 60.
59
What is the remainder when 66 is divided by 34?
32
What is the remainder when 139 is divided by 21?
13
What is the remainder when 482 is divided by 5?
2
Calculate the remainder when 89 is divided by 46.
43
Calculate the remainder when 3467 is divided by 269.
239
What is the remainder when 295 is divided by 25?
20
Calculate the remainder when 348 is divided by 39.
36
What is the remainder when 416 is divided by 19?
17
What is the remainder when 98 is divided by 65?
33
What is the remainder when 109 is divided by 22?
21
What is the remainder when 94 is divided by 24?
22
Calculate the remainder when 49 is divided by 29.
20
What is the remainder when 389 is divided by 28?
25
What is the remainder when 1123 is divided by 114?
97
Calculate the remainder when 8 is divided by 6.
2
What is the remainder when 1434 is divided by 20?
14
Calculate the remainder when 2109 is divided by 211.
210
Calculate the remainder when 7757 is divided by 1549.
12
Calculate the remainder when 125 is divided by 42.
41
Calculate the remainder when 4821 is divided by 9.
6
What is the remainder when 587 is divided by 10?
7
What is the remainder when 325 is divided by 22?
17
Calculate the remainder when 4105 is divided by 11.
2
What is the remainder when 985 is divided by 13?
10
Calculate the remainder when 336 is divided by 88.
72
What is the remainder when 7029 is divided by 95?
94
What is the remainder when 1304 is divided by 41?
33
Calculate the remainder when 8453 is divided by 28.
25
What is the remainder when 15313 is divided by 247?
246
What is the remainder when 550 is divided by 62?
54
What is the remainder when 197 is divided by 11?
10
What is the remainder when 757 is divided by 95?
92
What is the remainder when 571 is divided by 48?
43
Calculate the remainder when 170 is divided by 43.
41
What is the remainder when 246 is divided by 31?
29
Calculate the remainder when 387 is divided by 17.
13
Calculate the remainder when 455 is divided by 224.
7
What is the remainder when 505 is divided by 23?
22
What is the remainder when 407 is divided by 141?
125
Calculate the remainder when 41 is divided by 32.
9
Calculate the remainder when 449 is divided by 215.
19
Calculate the remainder when 155 is divided by 13.
12
What is the remainder when 260 is divided by 15?
5
Calculate the remainder when 95 is divided by 27.
14
What is the remainder when 950 is divided by 945?
5
What is the remainder when 487 is divided by 136?
79
What is the remainder when 160 is divided by 9?
7
What is the remainder when 503 is divided by 42?
41
Calculate the remainder when 815 is divided by 402.
11
What is the remainder when 677 is divided by 167?
9
What is the remainder when 368 is divided by 54?
44
What is the remainder when 22 is divided by 7?
1
What is the remainder when 21 is divided by 9?
3
Calculate the remainder when 1215 is divided by 42.
39
Calculate the remainder when 1153 is divided by 77.